n thousands digit of w?
1
Suppose -4*i - 7024 = -4*o, 5*i = -5*o + 8*i + 8776. What is the thousands digit of o?
1
Suppose 0 = -5*c + 13 - 3. Suppose 4*j = 18 + c. What is the units digit of 85 - j - (-3)/1?
3
Let c = -11 - -16. Suppose -4*b - 1199 = 3*l, 0 = c*b - 7*l + 2*l + 1490. Let k = -213 - b. What is the tens digit of k?
8
Let b be (((-8)/10)/(2/(-5)))/2. Let p be ((-3)/2 + b)*3984. What is the units digit of p/8*1/3*-1?
3
Let m be 111 - (16/4)/(-4). Let p be (1 + 0)/((-7)/m*-2). Suppose -p*h + 924 = 4*h. What is the units digit of h?
7
Let p(b) = 338*b + 4230. What is the hundreds digit of p(29)?
0
Let d = -294 + 297. Suppose n - d*o - 530 = 0, 6*o - 9*o + 12 = 0. What is the tens digit of n?
4
Suppose 35*u - 75*u + 1177240 = 0. What is the units digit of u?
1
What is the hundreds digit of 27/99 - (-6 + (-228960)/99)?
3
Let l be ((-2548)/280 - 2/5)*36. Let v = l - -406. What is the tens digit of v?
6
Let k(x) = 1120*x - 990. What is the thousands digit of k(10)?
0
Suppose -4*g - 3422 - 20582 = -4*h, 0 = 5*h - 3*g - 29995. What is the thousands digit of h?
5
Let h(x) be the second derivative of -5*x**3/3 - 41*x**2/2 + 23*x. Let t be h(-8). Suppose -o = -t - 12. What is the tens digit of o?
5
Let w(d) = d - 4. Let h be w(4). Let o(f) = -f**2 - 2*f + 58. What is the units digit of o(h)?
8
Suppose -3*a - 5*a = -32. Suppose -2584 = -a*t + 7*g - 3*g, -654 = -t - g. What is the units digit of (-4)/18 + t/9?
2
Let x(z) = 378*z - 67. What is the tens digit of x(12)?
6
Suppose w + 37530 = 11*w + 2*k, -4*w + 2*k + 15026 = 0. What is the tens digit of w?
5
Let t be 6/9*3*(-5238)/(-36). Suppose -15*o + 2079 = -t. What is the tens digit of o?
5
What is the hundreds digit of ((-84)/(-56))/(9/3984)?
6
Suppose 3*b + t + 4*t - 1158 = 0, t - 786 = -2*b. What is the units digit of b?
6
What is the hundreds digit of (10 + 32/(-3))*(-3591)/2?
1
Let m = -95 - -100. Suppose y + 6377 = 4*c, 3*c - m*c + 3191 = -3*y. What is the tens digit of c?
9
What is the thousands digit of ((-3)/((-72)/19088))/(6/81)?
0
Let r = -518 + 795. Let i = -114 + r. Suppose 0 = -2*w + 5*u + i, -w + 4*u = -9 - 68. What is the tens digit of w?
8
Let l(w) = -340*w**3 - 42*w**2 + 33*w + 3. What is the thousands digit of l(-5)?
1
Suppose -2*l + 3*l + 3*l = 0. Suppose 6*w + 1625 - 4901 = l. Let h = 787 - w. What is the units digit of h?
1
Let q(w) = -w**3 + 3*w**2 + 6. Let s(c) = c**2 + 3*c - 15. Let a be s(-6). Let k be q(a). Let f = k - -19. What is the tens digit of f?
2
Let q be (-61 + 4)/3*(9 - 128). Suppose 3*v - 5*b + 3382 = 6*v, -2*v + 3*b = -q. What is the tens digit of v?
2
Let m(u) = -285 - 83 - 1276*u + 1212*u. What is the units digit of m(-19)?
8
Let g = -527 - -13. Let z = 1186 + g. What is the hundreds digit of z?
6
Let m(z) = -z**2 - 9*z + 15. Let q be m(-10). Suppose -3*l - 335 = -q*v - l, 2*v - 110 = -4*l. What is the tens digit of v?
6
Let f(h) = h**3 + 8*h**2 + 5*h - 16. Let k be f(-7). Let g be 112/42*(-51)/k. Suppose g = c + 5*z - z, z - 347 = -4*c. What is the tens digit of c?
8
Suppose 97*b - 943376 - 2875 = 253057. What is the units digit of b?
4
Suppose 4*a - 28*x - 26994 = -25*x, -a = 5*x - 6714. What is the hundreds digit of a?
7
What is the units digit of 0 + 1 - (-8 + 87381/(-19))?
8
Suppose 2*d - 3*a = 14, -3*a = 1 + 5. Suppose 3*n - 17 = -5, 768 = d*x + 2*n. What is the units digit of x?
0
What is the tens digit of (5/(825/96) + 14/(-77))*4985?
9
Let o(p) = 8*p**3 - 86*p**2 - 75*p + 214. Let i(d) = -3*d**3 + 29*d**2 + 25*d - 71. Let r(j) = 11*i(j) + 4*o(j). What is the hundreds digit of r(-26)?
4
Let c(d) = 109*d**2 + 131*d. Let o be c(-1). Let t = 18 + -29. What is the units digit of (-2)/t + (-370)/o?
7
Suppose -19 - 256 = 3*l + 5*s, -5*l - 4*s - 441 = 0. Let w = l - -138. Suppose -o = -w - 83. What is the hundreds digit of o?
1
Suppose 0 = -w + 169 + 661. What is the hundreds digit of w?
8
Suppose 11*d - 10818 = 3*d + 66830. What is the units digit of d?
6
Suppose u - 5*g - 2 = -14, 0 = 3*u - 5*g + 6. What is the tens digit of (u*2/15)/(18/3690)?
8
Let o(j) = -j**2 - 8*j - 8. Let c be o(-4). Suppose z = 5*m - c, -m = z + 3*m - 1. Let b = 26 + z. What is the tens digit of b?
2
Let b(d) = -4*d**3 - 3*d**2 - 33*d + 14. Let a be b(-7). Suppose -2*o + 3*c = -588, -4*c - a = -5*o - 0*c. What is the units digit of o?
4
Suppose 28 = -4*p, -4*d + 64658 + 44503 = 5*p. What is the thousands digit of d?
7
Let u be (-801)/(-12) - (2/2)/(-4). Let a = u - 57. Suppose 0 = j + j + a, 4*m + 3*j = 513. What is the hundreds digit of m?
1
Let j(d) be the second derivative of -d**4/12 + d**3/6 + 16*d**2 + 23*d. Let f be j(6). What is the hundreds digit of f*219/(-10)*35/(-7)?
2
Suppose -i = -2*i + 4*l + 104, 3*l - 219 = -2*i. What is the units digit of 4/i*6 - 19475/(-45)?
3
Suppose 39*i - 34*i - 380 = 0. Suppose -13*x + 80 + i = 0. What is the units digit of -1 - (-940)/x - 2/6?
7
Suppose -59*w + 173*w - 1535312 - 4365784 = 0. What is the hundreds digit of w?
7
Suppose u - 2*i = -4*i, -2*i = 3*u - 20. Suppose 0 = -4*l - u*j + 11*j + 6051, -5*l + 4*j = -7550. What is the tens digit of l?
1
Suppose 306 = 3*t + 3*h, 2*t - 4*h - 202 - 20 = 0. Let w(k) = 16*k**2 - 3*k + 1. Let g be w(-3). Let z = g - t. What is the tens digit of z?
4
Let g = 486 - 717. Let a = g - -106. Let v = -57 - a. What is the units digit of v?
8
Let l be (-44)/(-4) - 12 - 90*7. Let b = l - -1174. What is the hundreds digit of b?
5
Let z(g) = g**2 - 19*g - 35. Let p be z(21). Suppose 8*u - 1 = p*u. What is the units digit of ((4 - (2 + u)) + -45)*-3?
2
Let o(q) = 27 - 48 - 24 - 21 + 130*q. What is the units digit of o(3)?
4
Let i(t) = -t**2 + 8*t + 25. Let o be i(7). Suppose -2*w = 22 + 4. Let g = o - w. What is the tens digit of g?
4
Let u = -840 + 1871. What is the hundreds digit of u?
0
Let p(j) = -216*j**3 + 2*j + 1. Let n be p(-1). Let o = -87 - n. What is the tens digit of ((-3)/(-6))/((-1)/o)?
5
Let d be 4 + ((-32)/14 - 6/(-21)). Let t(k) be the third derivative of 107*k**4/24 - k**3/2 - 7*k**2. What is the tens digit of t(d)?
1
Let m(q) = 322*q**3 + q**2 - 2. Let w be m(-1). Let t = -296 - w. What is the units digit of t?
7
Let g(m) = 4588*m**2 - 114*m + 291. What is the ten thousands digit of g(3)?
4
Let z(m) = 3*m**2 - 45*m - 35. Let q be z(16). Let k = 205 + -99. Let a = q + k. What is the hundreds digit of a?
1
Let q(v) = -503*v - 31. Let y(t) = 126*t + 8. Let o(r) = -2*q(r) - 9*y(r). Let m be o(-3). Suppose 0 = -5*c + m + 226. What is the tens digit of c?
2
Let f(a) = -a**2 + 10*a + 16. Let p be f(10). Suppose p*x - 147 = 349. What is the units digit of x?
1
Let c = -8508 - -36245. What is the units digit of c?
7
Let t(y) = 14*y**3 - 6*y**2 + 53*y - 14. What is the hundreds digit of t(6)?
1
Let d(k) be the first derivative of -k**3/3 - 5*k**2/2 + 14*k - 147. What is the tens digit of d(-5)?
1
Suppose -22 = 5*d + 8. Let x be d + 0*(-4)/16. What is the tens digit of 74 + -2*9/x?
7
Let l(m) = 954*m + 5226. What is the thousands digit of l(20)?
4
Suppose 4*f - 9 = 63. Let q(i) = -8*i**2 - 2*i + 9*i**2 - f + 98. What is the tens digit of q(0)?
8
Suppose 3*l - 21*r + 23*r = 246, 5*r - 328 = -4*l. Let n = 423 + l. What is the tens digit of n?
0
Let t(o) = 43*o**3 - 5*o**2 + 7*o - 2. Let b be (69/8)/3 - (-14)/112. What is the hundreds digit of t(b)?
1
Let q(b) = b**3 + b**2 - b + 8. Let f be q(0). Suppose -f*t = -2*t - 1770. Let i = 444 - t. What is the hundreds digit of i?
1
Suppose 3*n - 4*n = r - 1, 4*r - 5*n - 13 = 0. Suppose r*a = -2*a + 5*a. Let s(v) = -v**2 - 2*v + 7. What is the units digit of s(a)?
7
Let o = -442 + 446. Suppose -o*x = -5*i + 7985 - 1513, -i + 3*x = -1301. What is the hundreds digit of i?
2
Suppose -33 = -11*t + 330. Suppose t*y - 23380 - 6914 = 0. What is the hundreds digit of y?
9
Let m = -1568 - -12551. What is the tens digit of m?
8
Let a = -15000 - -15251. What is the hundreds digit of a?
2
Let g(b) be the first derivative of -b**4/4 + 20*b**3/3 - 7*b**2 - 81*b - 92. What is the units digit of g(17)?
8
Let a(i) = 219*i + 11. Suppose 4*g + 12 = -5*o, 5*o - 8 = 12. Let u(s) = -73*s - 4. Let n(j) = g*u(j) - 3*a(j). What is the tens digit of n(-2)?
4
What is the ten thousands digit of (-3)/(-5)*(-4472690)/(-246)?
1
Let w(j) = 308*j**2 + 19*j + 38. Let s be w(-4). Suppose 